*v**2. What is the remainder when d(-1) is divided by 15?
12
Suppose 0 = 5*a - 0*a - 125. Suppose 0 = 4*r - 5*j - 55, -4*r + 2*r + a = -5*j. What is the remainder when r is divided by 8?
7
Calculate the remainder when -1 - 3 - (6 - 42) is divided by 7.
4
Suppose 0 = -5*d + 15 - 0. Suppose -3*x + 153 = 5*f - x, 4*f - 121 = -d*x. Calculate the remainder when f is divided by 11.
9
Let w = -12 - -115. What is the remainder when w is divided by 35?
33
Suppose -2*l - 679 = -9*l. What is the remainder when l is divided by 25?
22
Suppose m + 0*l - 4*l - 59 = 0, -4*m = -4*l - 272. Calculate the remainder when m is divided by 18.
17
Let a(p) = -2*p - 3. Let x(n) = -2*n - 10. Let y be x(-5). Suppose -5*b + 9 + 1 = y. Calculate the remainder when b is divided by a(-2).
0
Calculate the remainder when 10 is divided by -2 - -1 - -7 - 2.
2
Let n = 139 + -58. Calculate the remainder when n is divided by 12.
9
Calculate the remainder when 107 is divided by -5 + (-14)/(-5)*5.
8
Let q(k) = -k**2 - 6*k + 4. Let h be (-26)/(-4) + (-2)/(-4). Let o(t) = -t**3 + 7*t**2 + 4*t - 6. What is the remainder when o(h) is divided by q(-4)?
10
Let a = -6 - -41. Let f(n) = -6*n**2 + n. Let z be f(2). Let r = a + z. What is the remainder when 25 is divided by r?
12
Let m = 2 - -4. Suppose -70 = -m*d + d. What is the remainder when 53 is divided by d?
11
Let i = -10 + -30. Let g = i - -61. Calculate the remainder when g is divided by 6.
3
Let f = -5 - -13. Let t(y) = 6*y - 1. Suppose -6 = -2*w - 2*o, 5*o - 5 - 5 = 0. Calculate the remainder when f is divided by t(w).
3
Suppose l = 22 + 4. What is the remainder when 102 is divided by l?
24
Let h be 2 - 9/(-5 - -2). Suppose -3*d + 4*d = -3*o - 7, -19 = -h*d + 3*o. Calculate the remainder when 4 is divided by d.
0
Suppose 3*d + 3*b = 51, -2*d - 17 = 3*b - 47. Calculate the remainder when 82 is divided by d.
19
Let b(j) be the first derivative of -j**3/3 + 8*j**2 - 2*j - 6. Suppose -2*l = -0*l + 8, 2*s - 4*l = 30. Calculate the remainder when b(15) is divided by s.
6
Let t be 6*((-5)/(-2))/5. Suppose 5*i - 22 = t*i. What is the remainder when (-6)/(-3)*62/4 is divided by i?
9
Let v(y) = -3*y + 20. Suppose -5*s + 57 = 2. Let u(x) = -x + 7. Let l(n) = s*u(n) - 4*v(n). Calculate the remainder when 10 is divided by l(7).
2
Let q(v) be the third derivative of v**4/8 - v**3/3 + 2*v**2. Calculate the remainder when q(7) is divided by 10.
9
What is the remainder when 157 is divided by 29 + -1 + (3 - -1)?
29
Suppose -5*g = 3*b - 206, 273 = 4*b - 0*b + 5*g. What is the remainder when b is divided by 23?
21
Suppose -9 = 3*m - 3*w - 0*w, -4*w + 20 = 0. Suppose -c = -z + 2, -3*c + 3 = m*z - 6*c. What is the remainder when 6 + -2 - 0 - 0 is divided by z?
1
Let m(t) = -t**3 + 18*t**2 + 4. Suppose 5*k - 37 = -12. Calculate the remainder when k is divided by m(18).
1
Suppose 4*n = x - 28, -2*x = -4*n - 24 - 44. Let z = 7 - 10. What is the remainder when x is divided by 17 - (-6)/(6/z)?
12
Let s(c) = -c**2 - 18*c - 19. Let y be s(-16). Suppose -1 + y = 4*d. Calculate the remainder when 5 is divided by d.
2
Let n be -5 + 36 + -1*2. Suppose n - 5 = 4*u. What is the remainder when 11 is divided by u?
5
Let a(j) = -j**3 - 8*j**2 - 3*j + 2. Let g be a(-7). Let k = 37 + g. What is the remainder when (3/(-6) - -1)*62 is divided by k?
9
Let a = -1 - -7. Let t = -27 + 43. Calculate the remainder when t is divided by a.
4
Let h = -126 + 83. Let b = -24 - h. Calculate the remainder when b is divided by 11.
8
Let g(f) = -4*f - 1. What is the remainder when g(-3) is divided by ((-18)/(-30))/((-2)/(-20))?
5
What is the remainder when ((-42)/(-4))/(1/2) is divided by 6?
3
Let g = 8 - -2. Calculate the remainder when g is divided by 3.
1
Let a = -196 - -198. Calculate the remainder when a is divided by 1.
0
What is the remainder when (-5)/15 - 362/(-6) is divided by 21?
18
Suppose 5*h - 3*l = -4*l + 70, 0 = 5*h - l - 70. Calculate the remainder when 21 is divided by h.
7
Let j = 7 - 2. Let g(p) = p**2 - 4*p - 3. Let y(r) = r**3 - 5*r**2 + 4*r + 2. What is the remainder when g(j) is divided by y(4)?
0
Let a be (1 + 0)/((-2)/(-12)). Calculate the remainder when ((-40)/a)/(1/(-3)) is divided by 11.
9
Let m be -14 - (-1 - (-9)/3). Calculate the remainder when 2 is divided by (-1)/4 + (-36)/m.
0
Let s = 66 + -27. Suppose 2*g - s = g. What is the remainder when g is divided by 14?
11
Let o(b) = -2*b + 5. Let m(l) = -5*l - l + 4 + 5*l. Let h(j) = 6*m(j) - 4*o(j). What is the remainder when 18 is divided by h(3)?
8
Let p be ((-4)/(-6))/(2/(-102)). Let a = p + 48. Let q = 11 + -3. What is the remainder when a is divided by q?
6
Let t(i) = i**3 + 10*i**2 - 2*i + 3. Calculate the remainder when 65 is divided by t(-10).
19
Let o = -64 - -78. Suppose y - 4*p = 29, -3*y = -7*y + 5*p + 149. What is the remainder when y is divided by o?
13
Let f(p) = 10*p - 40. What is the remainder when 58 is divided by f(7)?
28
Suppose -7*v = -2*v - 325. Suppose 3*i - g - v = i, 62 = 2*i + 2*g. Calculate the remainder when i is divided by 11.
10
Suppose -2*v = -2*n - 50, 0 = 2*n - 7*n - 15. Calculate the remainder when v is divided by (-48)/(-9)*(-3)/(-2).
6
Let w(o) = o**3 - 15*o**2 + 15*o - 7. Calculate the remainder when 34 is divided by w(14).
6
What is the remainder when 46 is divided by (12/20 - 1)*3*-10?
10
Calculate the remainder when 33 is divided by (1 - 0)*(9 + 0).
6
Suppose -y - 1 = -3*j, -5*j = y - 4*j - 3. Suppose 2*k = 3*q - 61, -3*k = -y*q + 4*q - 32. Suppose d = 2 + 5. What is the remainder when q is divided by d?
5
Let g = -1 + -18. Let v = g - -21. What is the remainder when 3 is divided by v?
1
Let k = 105 + -81. Calculate the remainder when 44 is divided by k.
20
Let q(j) = -j**3 + 4*j**2 + j - 3. Let y be q(4). Let f(s) = -s + 3 - y + s + s. Calculate the remainder when 16 is divided by f(7).
7
Let z = 17 - -2. What is the remainder when z is divided by 7?
5
Suppose 6 = -r - 3*g, 0*r + 2*r = 3*g + 24. Let z = 27 + r. What is the remainder when 96 is divided by z?
30
Suppose 4*g = -2*t + 16, 3*t = -g + 31 + 8. Calculate the remainder when t is divided by 8.
6
Let p(v) be the third derivative of -v**5/60 + 5*v**4/24 + 2*v**3/3 - v**2. Calculate the remainder when p(5) is divided by 3.
1
Suppose -2*a - 55 = 3*a. Let k(i) = 2*i + 24. Suppose 0 = 2*q + 4, 2*h + 2*q = -q + 2. Calculate the remainder when h is divided by k(a).
0
Let i(m) = -3*m + 104. Calculate the remainder when i(0) is divided by 5.
4
Let q = -10 + 26. Calculate the remainder when 109 is divided by q.
13
Suppose 2*q = 3*w - 5, -4*w = -q - 0*q - 10. Calculate the remainder when 4 is divided by q.
0
Let h(n) = n + 9. Let c(r) = r**3 - 2*r**2. Let x be c(2). Let d(f) = f**2 + 4. What is the remainder when h(0) is divided by d(x)?
1
Suppose -g + 6 = 1. Calculate the remainder when 18 is divided by g.
3
Let b = -22 - -42. Calculate the remainder when 27 is divided by (-8)/b*(-36 - 4).
11
Suppose 5*s + 2*d = -0*s + 220, -25 = -5*d. What is the remainder when s is divided by 1/((-174)/44 + 4)?
20
Let m(q) = 2*q**2 - 8*q + 5. Let j be m(5). Calculate the remainder when 7 is divided by (-10)/j - (-22)/6.
1
Calculate the remainder when 24 is divided by (-15)/(-40) + 53/8.
3
Let b(k) = 41*k**2 - k - 1. Let u be b(-1). Suppose -156 + u = -5*i. Calculate the remainder when i is divided by 2/(4/(-6)) - (-21 + 6).
11
Suppose 4*d - 4 = 4. Suppose -4*u = u - 15. Calculate the remainder when u is divided by d.
1
Let p be (-4)/10 - 3/5. Let x(b) = 4*b**2. Let c be x(p). Suppose 32 = 5*j + 2*f, c*j - 3*f + 5*f - 24 = 0. Calculate the remainder when j is divided by 3.
2
Suppose 45 = 2*k + 3*k. Let r(i) = i**2 - 7*i + 12. What is the remainder when r(k) is divided by 8?
6
Suppose -28 + 8 = -b. Let s(a) = 6*a + 7. What is the remainder when s(5) is divided by b?
17
Suppose 0 = -3*x + 3*g + 87, 0*g + 2*g + 157 = 5*x. What is the remainder when x is divided by ((-7)/(196/72))/(12/(-56))?
9
Let p = 52 + 29. What is the remainder when p is divided by 12?
9
Suppose -a + 8*a = 385. Calculate the remainder when a is divided by 16.
7
Let z(s) = -3*s + 18. Let x be z(9). What is the remainder when 12 is divided by -1*x/(0 - -3)?
0
Let f(z) = -5*z - 1. Let a be f(-3). Suppose -9*q + 7*q + a = 0. Let o = 9 - 5. Calculate the remainder when q 